{"id":15583,"date":"2021-02-18T09:26:30","date_gmt":"2021-02-18T08:26:30","guid":{"rendered":"https:\/\/www.intimina.com\/es\/blog\/?page_id=15583"},"modified":"2021-11-19T10:55:00","modified_gmt":"2021-11-19T09:55:00","slug":"categoria-menstruacion-101","status":"publish","type":"page","link":"https:\/\/www.intimina.com\/es\/blog\/categoria-menstruacion-101\/","title":{"rendered":"Categoria Menstruacion 101"},"content":{"rendered":"<p>[vc_section full_width=&#8221;stretch_row_content&#8221; content_placement=&#8221;middle&#8221;][vc_row][vc_column css=&#8221;.vc_custom_1613634427449{background-image: url(https:\/\/www.intimina.com\/es\/blog\/wp-content\/uploads\/2021\/02\/CP-DSKTP-KV.jpg?id=15593) !important;background-position: center !important;background-repeat: no-repeat !important;background-size: cover !important;}&#8221;][vc_column_text]<\/p>\n<h1 class=\"beginh1\"><span style=\"color: #eb1986;\">La gu\u00eda de principiantes de la regla<\/span><\/h1>\n<p>[\/vc_column_text][\/vc_column][\/vc_row][\/vc_section][vc_section css=&#8221;.vc_custom_1613644642337{padding-top: 0px !important;}&#8221;][vc_row][vc_column width=&#8221;1\/3&#8243; offset=&#8221;vc_hidden-xs&#8221;][vc_single_image image=&#8221;15585&#8243; img_size=&#8221;large&#8221;][\/vc_column][vc_column width=&#8221;1\/3&#8243;][vc_column_text el_class=&#8221;beginn&#8221;]<span style=\"font-weight: 400; color: #000000; font-size: 16px;\">La gu\u00eda de principiantes de la regla es una biblioteca de conocimientos compartidos y consejos \u00fatiles sobre c\u00f3mo pasar a la pubertad, la primera regla y en la que te damos algunas recomendaciones inteligentes y excelentes para ayudarte a enfrentarte a todo eso, por ejemplo, sobre las copas menstruales.<\/span>[\/vc_column_text][vc_column_text]<span style=\"font-weight: 400; color: #000000; font-size: 16px;\">Muy pronto sabr\u00e1s todo lo que necesitas para que este periodo de tu vida est\u00e9 chupado y lo encontrar\u00e1s todo en un solo lugar.<\/span>[\/vc_column_text][\/vc_column][vc_column width=&#8221;1\/3&#8243;][\/vc_column][\/vc_row][\/vc_section][vc_section full_width=&#8221;stretch_row&#8221; css=&#8221;.vc_custom_1613644652714{padding-top: 0px !important;background-color: #ffb6b9 !important;}&#8221;][vc_row full_width=&#8221;stretch_row&#8221;][vc_column][vc_column_text]<\/p>\n<p class=\"dyk\">&#8220;Los dolores menstruales son totalmente normales y todas las mujeres que tienen la regla los sienten. Se producen por el descontrol hormonal. Entre el 45 y el 95 % de las mujeres con la regla sienten dolor, sobre todo, en los dos primeros d\u00edas de la regla.&#8221;<\/p>\n<p>[\/vc_column_text][vc_custom_heading text=&#8221;\u00bfSAB\u00cdAS QUE?&#8221; font_container=&#8221;tag:h3|font_size:25|text_align:center|color:%23f17da0&#8243; google_fonts=&#8221;font_family:Roboto%3A100%2C100italic%2C300%2C300italic%2Cregular%2Citalic%2C500%2C500italic%2C700%2C700italic%2C900%2C900italic|font_style:900%20bold%20regular%3A900%3Anormal&#8221; css=&#8221;.vc_custom_1613645472958{padding-bottom: 50px !important;}&#8221;][\/vc_column][\/vc_row][\/vc_section][vc_section css=&#8221;.vc_custom_1613644661458{padding-top: 0px !important;}&#8221;][vc_row][vc_column][vc_custom_heading text=&#8221;Acerca de las copas menstruales&#8221; use_theme_fonts=&#8221;yes&#8221; el_class=&#8221;heading_naslovnica_sekcije&#8221; css=&#8221;.vc_custom_1613636607134{padding-bottom: 50px !important;}&#8221;][vc_basic_grid post_type=&#8221;ids&#8221; style=&#8221;pagination&#8221; items_per_page=&#8221;3&#8243; gap=&#8221;15&#8243; arrows_design=&#8221;vc_arrow-icon-arrow_08_left&#8221; arrows_color=&#8221;black&#8221; paging_design=&#8221;square_dots&#8221; paging_color=&#8221;black&#8221; loop=&#8221;yes&#8221; item=&#8221;14394&#8243; grid_id=&#8221;vc_gid:1615452318994-d833f15a-db9e-9&#8243; include=&#8221;8707, 10056, 10120, 10030, 8417&#8243; el_class=&#8221;recomended_boxmobile&#8221;][\/vc_column][\/vc_row][\/vc_section][vc_section full_width=&#8221;stretch_row&#8221; css=&#8221;.vc_custom_1613644685234{padding-top: 0px !important;background-color: #fae3d9 !important;}&#8221;][vc_row][vc_column][vc_column_text]<\/p>\n<p class=\"dyk\"><span style=\"color: #ffa6bf;\">&#8220;Normalmente, las reglas de las chicas j\u00f3venes que tienen la menstruaci\u00f3n desde hace poco no siempre son regulares todos los meses. Lo mejor que puedes hacer es estar preparada y tener siempre listos tus productos para la regla; ll\u00e9valos siempre en la mochila, en el bolso o en la taquilla.&#8221;<\/span><\/p>\n<p>[\/vc_column_text][vc_custom_heading text=&#8221;\u00bfSAB\u00cdAS QUE?&#8221; font_container=&#8221;tag:h3|font_size:25|text_align:center|color:%23f17da0&#8243; google_fonts=&#8221;font_family:Roboto%3A100%2C100italic%2C300%2C300italic%2Cregular%2Citalic%2C500%2C500italic%2C700%2C700italic%2C900%2C900italic|font_style:900%20bold%20regular%3A900%3Anormal&#8221; css=&#8221;.vc_custom_1613645479417{padding-bottom: 50px !important;}&#8221;][\/vc_column][\/vc_row][\/vc_section][vc_section css=&#8221;.vc_custom_1613644691870{padding-top: 0px !important;}&#8221;][vc_row][vc_column][vc_custom_heading text=&#8221;La primera regla&#8221; use_theme_fonts=&#8221;yes&#8221; el_class=&#8221;heading_naslovnica_sekcije&#8221; css=&#8221;.vc_custom_1614154636114{padding-bottom: 50px !important;}&#8221;][vc_basic_grid post_type=&#8221;ids&#8221; style=&#8221;pagination&#8221; items_per_page=&#8221;3&#8243; gap=&#8221;15&#8243; arrows_design=&#8221;vc_arrow-icon-arrow_08_left&#8221; arrows_color=&#8221;black&#8221; paging_design=&#8221;square_dots&#8221; paging_color=&#8221;black&#8221; loop=&#8221;yes&#8221; item=&#8221;14394&#8243; grid_id=&#8221;vc_gid:1615452318996-06b4101b-fa8c-7&#8243; include=&#8221;11048, 893, 10506, 9367, 15670&#8243; el_class=&#8221;recomended_boxmobile&#8221;][\/vc_column][\/vc_row][\/vc_section][vc_section full_width=&#8221;stretch_row&#8221; css=&#8221;.vc_custom_1613644698964{padding-top: 0px !important;background-color: #8bc6d1 !important;}&#8221;][vc_row][vc_column][vc_column_text]<\/p>\n<p class=\"dyk\"><span data-sheets-value=\"{&quot;1&quot;:2,&quot;2&quot;:&quot;\\&quot;El s\u00edndrome de la tensi\u00f3n premenstrual (TPM) afecta hasta el 85 % de las mujeres con la regla. Acarrea varios s\u00edntomas como fatiga, dolor de cabeza, dolor abdominal, hinchaz\u00f3n, sensibilidad en el pecho, cambios de humor y ansia por comer.\\&quot;&quot;}\" data-sheets-userformat=\"{&quot;2&quot;:7041,&quot;3&quot;:{&quot;1&quot;:0},&quot;10&quot;:1,&quot;11&quot;:4,&quot;12&quot;:0,&quot;14&quot;:{&quot;1&quot;:2,&quot;2&quot;:0},&quot;15&quot;:&quot;Arial&quot;}\">&#8220;El s\u00edndrome de la tensi\u00f3n premenstrual (TPM) afecta hasta el 85 % de las mujeres con la regla. Acarrea varios s\u00edntomas como fatiga, dolor de cabeza, dolor abdominal, hinchaz\u00f3n, sensibilidad en el pecho, cambios de humor y ansia por comer.&#8221;<\/span><\/p>\n<p>[\/vc_column_text][vc_custom_heading text=&#8221;\u00bfSAB\u00cdAS QUE?&#8221; font_container=&#8221;tag:h3|font_size:25|text_align:center|color:%23f17da0&#8243; google_fonts=&#8221;font_family:Roboto%3A100%2C100italic%2C300%2C300italic%2Cregular%2Citalic%2C500%2C500italic%2C700%2C700italic%2C900%2C900italic|font_style:900%20bold%20regular%3A900%3Anormal&#8221; css=&#8221;.vc_custom_1613645485477{padding-bottom: 50px !important;}&#8221;][\/vc_column][\/vc_row][\/vc_section][vc_section css=&#8221;.vc_custom_1613644713206{padding-top: 0px !important;}&#8221;][vc_row][vc_column][vc_custom_heading text=&#8221;Entendiendo los cambios&#8221; use_theme_fonts=&#8221;yes&#8221; el_class=&#8221;heading_naslovnica_sekcije&#8221; css=&#8221;.vc_custom_1613636851903{padding-bottom: 50px !important;}&#8221;][vc_basic_grid post_type=&#8221;ids&#8221; style=&#8221;pagination&#8221; items_per_page=&#8221;3&#8243; gap=&#8221;15&#8243; arrows_design=&#8221;vc_arrow-icon-arrow_08_left&#8221; arrows_color=&#8221;black&#8221; paging_design=&#8221;square_dots&#8221; paging_color=&#8221;black&#8221; loop=&#8221;yes&#8221; item=&#8221;14394&#8243; grid_id=&#8221;vc_gid:1615452318997-c2899ff8-7bfd-10&#8243; include=&#8221;15379, 15037, 2269, 15590, 15639, 15648, 15654&#8243; el_class=&#8221;recomended_boxmobile&#8221;][\/vc_column][\/vc_row][vc_row full_width=&#8221;stretch_row&#8221; content_placement=&#8221;middle&#8221; css=&#8221;.vc_custom_1613644776377{padding-top: 0px !important;}&#8221;][vc_column width=&#8221;1\/3&#8243; offset=&#8221;vc_hidden-xs&#8221;][\/vc_column][vc_column width=&#8221;1\/3&#8243; css=&#8221;.vc_custom_1613644984274{padding-top: 10px !important;}&#8221;][vc_raw_html]JTNDZGl2JTIwc3R5bGUlM0QlMjJ0ZXh0LWFsaWduJTNBY2VudGVyJTIyJTNFJTVCbWF4YnV0dG9uJTIwaWQlM0QlMjIyJTIyJTVEJTNDJTJGZGl2JTNF[\/vc_raw_html][\/vc_column][vc_column width=&#8221;1\/3&#8243;][\/vc_column][\/vc_row][\/vc_section]<\/p>\n","protected":false},"excerpt":{"rendered":"<p>[vc_section full_width=&#8221;stretch_row_content&#8221; content_placement=&#8221;middle&#8221;][vc_row][vc_column css=&#8221;.vc_custom_1613634427449{background-image: url(https:\/\/www.intimina.com\/es\/blog\/wp-content\/uploads\/2021\/02\/CP-DSKTP-KV.jpg?id=15593) !important;background-position: center !important;background-repeat: no-repeat !important;background-size: cover !important;}&#8221;][vc_column_text] La gu\u00eda de principiantes de la regla [\/vc_column_text][\/vc_column][\/vc_row][\/vc_section][vc_section css=&#8221;.vc_custom_1613644642337{padding-top: 0px !important;}&#8221;][vc_row][vc_column width=&#8221;1\/3&#8243; offset=&#8221;vc_hidden-xs&#8221;][vc_single_image image=&#8221;15585&#8243; img_size=&#8221;large&#8221;][\/vc_column][vc_column width=&#8221;1\/3&#8243;][vc_column_text el_class=&#8221;beginn&#8221;]La gu\u00eda&hellip;<\/p>\n","protected":false},"author":6,"featured_media":0,"parent":0,"menu_order":0,"comment_status":"closed","ping_status":"closed","template":"","meta":{"inline_featured_image":false},"acf":[],"yoast_head":"<!-- This site is optimized with the Yoast SEO plugin v21.1 - https:\/\/yoast.com\/wordpress\/plugins\/seo\/ -->\n<title>La gu\u00eda de principiantes de la regla - INTIMINA<\/title>\n<meta name=\"description\" content=\"Muy pronto sabr\u00e1s todo lo que necesitas para que este periodo de tu vida est\u00e9 chupado y lo encontrar\u00e1s todo en un solo lugar.\" \/>\n<meta name=\"robots\" content=\"index, follow, max-snippet:-1, max-image-preview:large, max-video-preview:-1\" \/>\n<link rel=\"canonical\" href=\"https:\/\/www.intimina.com\/es\/blog\/categoria-menstruacion-101\/\" \/>\n<meta property=\"og:locale\" content=\"en_US\" \/>\n<meta property=\"og:type\" content=\"article\" \/>\n<meta property=\"og:title\" content=\"La gu\u00eda de principiantes de la regla - INTIMINA\" \/>\n<meta property=\"og:description\" content=\"Muy pronto sabr\u00e1s todo lo que necesitas para que este periodo de tu vida est\u00e9 chupado y lo encontrar\u00e1s todo en un solo lugar.\" \/>\n<meta property=\"og:url\" content=\"https:\/\/www.intimina.com\/es\/blog\/categoria-menstruacion-101\/\" \/>\n<meta property=\"og:site_name\" content=\"Blog de INTIMINA en espa\u00f1ol\" \/>\n<meta property=\"article:modified_time\" content=\"2021-11-19T09:55:00+00:00\" \/>\n<meta property=\"og:image\" content=\"https:\/\/www.intimina.com\/es\/blog\/wp-content\/uploads\/2021\/02\/CP-MOB-KV-1.jpg\" \/>\n\t<meta property=\"og:image:width\" content=\"786\" \/>\n\t<meta property=\"og:image:height\" content=\"485\" \/>\n\t<meta property=\"og:image:type\" content=\"image\/jpeg\" \/>\n<meta name=\"twitter:label1\" content=\"Est. reading time\" \/>\n\t<meta name=\"twitter:data1\" content=\"2 minutes\" \/>\n<script type=\"application\/ld+json\" class=\"yoast-schema-graph\">{\"@context\":\"https:\/\/schema.org\",\"@graph\":[{\"@type\":\"WebPage\",\"@id\":\"https:\/\/www.intimina.com\/es\/blog\/categoria-menstruacion-101\/\",\"url\":\"https:\/\/www.intimina.com\/es\/blog\/categoria-menstruacion-101\/\",\"name\":\"La gu\u00eda de principiantes de la regla - INTIMINA\",\"isPartOf\":{\"@id\":\"https:\/\/www.intimina.com\/es\/blog\/#website\"},\"datePublished\":\"2021-02-18T08:26:30+00:00\",\"dateModified\":\"2021-11-19T09:55:00+00:00\",\"description\":\"Muy pronto sabr\u00e1s todo lo que necesitas para que este periodo de tu vida est\u00e9 chupado y lo encontrar\u00e1s todo en un solo lugar.\",\"inLanguage\":\"en-US\",\"potentialAction\":[{\"@type\":\"ReadAction\",\"target\":[\"https:\/\/www.intimina.com\/es\/blog\/categoria-menstruacion-101\/\"]}]},{\"@type\":\"WebSite\",\"@id\":\"https:\/\/www.intimina.com\/es\/blog\/#website\",\"url\":\"https:\/\/www.intimina.com\/es\/blog\/\",\"name\":\"Blog de INTIMINA en espa\u00f1ol\",\"description\":\"Todo lo que necesitas saber sobre salud y bienestar \u00edntimo femenino\",\"publisher\":{\"@id\":\"https:\/\/www.intimina.com\/es\/blog\/#organization\"},\"potentialAction\":[{\"@type\":\"SearchAction\",\"target\":{\"@type\":\"EntryPoint\",\"urlTemplate\":\"https:\/\/www.intimina.com\/es\/blog\/?s={search_term_string}\"},\"query-input\":\"required name=search_term_string\"}],\"inLanguage\":\"en-US\"},{\"@type\":\"Organization\",\"@id\":\"https:\/\/www.intimina.com\/es\/blog\/#organization\",\"name\":\"Intimina\",\"url\":\"https:\/\/www.intimina.com\/es\/blog\/\",\"logo\":{\"@type\":\"ImageObject\",\"inLanguage\":\"en-US\",\"@id\":\"https:\/\/www.intimina.com\/es\/blog\/#\/schema\/logo\/image\/\",\"url\":\"https:\/\/www.intimina.com\/es\/blog\/wp-content\/uploads\/2019\/04\/INTIMINA_logo-02.png\",\"contentUrl\":\"https:\/\/www.intimina.com\/es\/blog\/wp-content\/uploads\/2019\/04\/INTIMINA_logo-02.png\",\"width\":1000,\"height\":543,\"caption\":\"Intimina\"},\"image\":{\"@id\":\"https:\/\/www.intimina.com\/es\/blog\/#\/schema\/logo\/image\/\"}}]}<\/script>\n<!-- \/ Yoast SEO plugin. -->","yoast_head_json":{"title":"La gu\u00eda de principiantes de la regla - INTIMINA","description":"Muy pronto sabr\u00e1s todo lo que necesitas para que este periodo de tu vida est\u00e9 chupado y lo encontrar\u00e1s todo en un solo lugar.","robots":{"index":"index","follow":"follow","max-snippet":"max-snippet:-1","max-image-preview":"max-image-preview:large","max-video-preview":"max-video-preview:-1"},"canonical":"https:\/\/www.intimina.com\/es\/blog\/categoria-menstruacion-101\/","og_locale":"en_US","og_type":"article","og_title":"La gu\u00eda de principiantes de la regla - INTIMINA","og_description":"Muy pronto sabr\u00e1s todo lo que necesitas para que este periodo de tu vida est\u00e9 chupado y lo encontrar\u00e1s todo en un solo lugar.","og_url":"https:\/\/www.intimina.com\/es\/blog\/categoria-menstruacion-101\/","og_site_name":"Blog de INTIMINA en espa\u00f1ol","article_modified_time":"2021-11-19T09:55:00+00:00","og_image":[{"width":786,"height":485,"url":"https:\/\/www.intimina.com\/es\/blog\/wp-content\/uploads\/2021\/02\/CP-MOB-KV-1.jpg","type":"image\/jpeg"}],"twitter_misc":{"Est. reading time":"2 minutes"},"schema":{"@context":"https:\/\/schema.org","@graph":[{"@type":"WebPage","@id":"https:\/\/www.intimina.com\/es\/blog\/categoria-menstruacion-101\/","url":"https:\/\/www.intimina.com\/es\/blog\/categoria-menstruacion-101\/","name":"La gu\u00eda de principiantes de la regla - INTIMINA","isPartOf":{"@id":"https:\/\/www.intimina.com\/es\/blog\/#website"},"datePublished":"2021-02-18T08:26:30+00:00","dateModified":"2021-11-19T09:55:00+00:00","description":"Muy pronto sabr\u00e1s todo lo que necesitas para que este periodo de tu vida est\u00e9 chupado y lo encontrar\u00e1s todo en un solo lugar.","inLanguage":"en-US","potentialAction":[{"@type":"ReadAction","target":["https:\/\/www.intimina.com\/es\/blog\/categoria-menstruacion-101\/"]}]},{"@type":"WebSite","@id":"https:\/\/www.intimina.com\/es\/blog\/#website","url":"https:\/\/www.intimina.com\/es\/blog\/","name":"Blog de INTIMINA en espa\u00f1ol","description":"Todo lo que necesitas saber sobre salud y bienestar \u00edntimo femenino","publisher":{"@id":"https:\/\/www.intimina.com\/es\/blog\/#organization"},"potentialAction":[{"@type":"SearchAction","target":{"@type":"EntryPoint","urlTemplate":"https:\/\/www.intimina.com\/es\/blog\/?s={search_term_string}"},"query-input":"required name=search_term_string"}],"inLanguage":"en-US"},{"@type":"Organization","@id":"https:\/\/www.intimina.com\/es\/blog\/#organization","name":"Intimina","url":"https:\/\/www.intimina.com\/es\/blog\/","logo":{"@type":"ImageObject","inLanguage":"en-US","@id":"https:\/\/www.intimina.com\/es\/blog\/#\/schema\/logo\/image\/","url":"https:\/\/www.intimina.com\/es\/blog\/wp-content\/uploads\/2019\/04\/INTIMINA_logo-02.png","contentUrl":"https:\/\/www.intimina.com\/es\/blog\/wp-content\/uploads\/2019\/04\/INTIMINA_logo-02.png","width":1000,"height":543,"caption":"Intimina"},"image":{"@id":"https:\/\/www.intimina.com\/es\/blog\/#\/schema\/logo\/image\/"}}]}},"_links":{"self":[{"href":"https:\/\/www.intimina.com\/es\/blog\/wp-json\/wp\/v2\/pages\/15583"}],"collection":[{"href":"https:\/\/www.intimina.com\/es\/blog\/wp-json\/wp\/v2\/pages"}],"about":[{"href":"https:\/\/www.intimina.com\/es\/blog\/wp-json\/wp\/v2\/types\/page"}],"author":[{"embeddable":true,"href":"https:\/\/www.intimina.com\/es\/blog\/wp-json\/wp\/v2\/users\/6"}],"replies":[{"embeddable":true,"href":"https:\/\/www.intimina.com\/es\/blog\/wp-json\/wp\/v2\/comments?post=15583"}],"version-history":[{"count":28,"href":"https:\/\/www.intimina.com\/es\/blog\/wp-json\/wp\/v2\/pages\/15583\/revisions"}],"predecessor-version":[{"id":15928,"href":"https:\/\/www.intimina.com\/es\/blog\/wp-json\/wp\/v2\/pages\/15583\/revisions\/15928"}],"wp:attachment":[{"href":"https:\/\/www.intimina.com\/es\/blog\/wp-json\/wp\/v2\/media?parent=15583"}],"curies":[{"name":"wp","href":"https:\/\/api.w.org\/{rel}","templated":true}]}}